common factor of 3234 and 333894?
66
What is the greatest common factor of 4924 and 142?
2
Calculate the greatest common divisor of 975 and 204009.
39
What is the highest common divisor of 380450 and 700?
350
What is the greatest common divisor of 5332 and 2236?
172
What is the highest common factor of 610813 and 1775?
71
Calculate the highest common factor of 46 and 194.
2
Calculate the highest common factor of 354 and 5251.
59
What is the greatest common divisor of 15523 and 344?
43
Calculate the highest common divisor of 1450602 and 108.
54
Calculate the highest common factor of 3575 and 1705.
55
What is the highest common divisor of 26 and 1194804?
26
What is the highest common factor of 4309071 and 117?
39
What is the highest common factor of 35 and 69755?
35
Calculate the highest common factor of 507 and 639.
3
What is the greatest common divisor of 8142 and 2006?
118
Calculate the highest common divisor of 2103 and 7.
1
What is the greatest common divisor of 190 and 7970?
10
Calculate the greatest common factor of 2280130 and 100.
10
Calculate the greatest common factor of 200 and 473350.
50
Calculate the greatest common divisor of 9680 and 2512.
16
Calculate the greatest common divisor of 3090 and 64993.
103
What is the highest common factor of 1739 and 2773?
47
What is the greatest common divisor of 13516 and 1860?
124
What is the highest common factor of 130 and 408785?
65
What is the greatest common divisor of 137 and 925846?
137
Calculate the highest common divisor of 1233 and 204267.
411
Calculate the greatest common factor of 89 and 95.
1
What is the highest common divisor of 1103274 and 108?
54
What is the highest common divisor of 45 and 107145?
45
What is the highest common factor of 905 and 37215?
5
What is the greatest common factor of 52780 and 500?
20
What is the highest common factor of 24957 and 885?
177
What is the greatest common factor of 21336 and 812?
28
What is the greatest common divisor of 564 and 64578?
282
Calculate the greatest common divisor of 1320 and 64900.
220
What is the highest common factor of 1747213 and 117?
13
What is the greatest common divisor of 985055 and 190?
95
What is the highest common factor of 536 and 3160?
8
Calculate the greatest common divisor of 4446 and 2886.
78
Calculate the highest common factor of 55461 and 1197.
399
Calculate the highest common divisor of 641997 and 6.
3
Calculate the highest common factor of 3560 and 1600.
40
Calculate the greatest common divisor of 48 and 21102.
6
What is the highest common factor of 145638 and 1488?
186
Calculate the greatest common divisor of 149407 and 106.
53
Calculate the highest common divisor of 171 and 1242.
9
Calculate the greatest common factor of 4 and 719.
1
What is the greatest common factor of 68904 and 261?
261
Calculate the highest common factor of 1059542 and 1122.
374
What is the highest common divisor of 766 and 39449?
383
Calculate the greatest common factor of 15780 and 6420.
60
Calculate the greatest common divisor of 43529 and 261.
29
What is the highest common divisor of 183 and 2927?
1
Calculate the highest common divisor of 1638 and 111258.
126
What is the greatest common factor of 13 and 112151?
13
Calculate the greatest common factor of 3822 and 115836.
294
Calculate the highest common factor of 930 and 282.
6
Calculate the highest common divisor of 2989 and 14.
7
What is the greatest common factor of 752 and 47188?
188
Calculate the greatest common divisor of 1440 and 21570.
30
What is the greatest common divisor of 1113 and 259965?
159
Calculate the greatest common factor of 78 and 13087815.
39
Calculate the highest common divisor of 2223 and 2496.
39
Calculate the highest common factor of 4683088 and 16.
16
Calculate the greatest common divisor of 1436 and 668.
4
What is the greatest common divisor of 75 and 77635?
5
What is the greatest common divisor of 1536024 and 2583?
861
Calculate the highest common divisor of 1466493 and 21.
21
What is the greatest common factor of 1100752 and 8503?
773
What is the greatest common factor of 2784 and 116696?
232
What is the greatest common divisor of 32 and 214632?
8
What is the highest common factor of 5328 and 6364?
148
Calculate the highest common divisor of 238 and 64872.
34
Calculate the highest common factor of 372708 and 60.
12
Calculate the highest common factor of 39 and 29409159.
39
What is the greatest common divisor of 185 and 446516?
37
What is the greatest common divisor of 2236 and 8330218?
1118
Calculate the highest common divisor of 1430 and 104170.
110
What is the greatest common divisor of 44745 and 1125?
15
What is the greatest common divisor of 1512 and 1?
1
What is the greatest common divisor of 459 and 8415?
153
Calculate the highest common factor of 792 and 86454.
18
Calculate the greatest common divisor of 88552 and 1216.
8
Calculate the highest common divisor of 725 and 152700.
25
Calculate the highest common factor of 29 and 310619.
29
What is the highest common factor of 483 and 8713803?
483
Calculate the greatest common divisor of 8303 and 6739.
23
Calculate the greatest common divisor of 1890 and 22617.
63
Calculate the greatest common factor of 969 and 15618.
57
Calculate the greatest common divisor of 30 and 151545.
15
Calculate the highest common factor of 4788200 and 356.
356
What is the greatest common factor of 2159 and 10922?
127
Calculate the greatest common factor of 3263 and 1898.
13
What is the highest common divisor of 2545213 and 86?
43
Calculate the greatest common factor of 165013 and 186.
31
Calculate the greatest common divisor of 511 and 113807.
73
Calculate the greatest common divisor of 120042 and 684.
342
What is the highest common divisor of 32 and 1177712?
16
Calculate the greatest common factor of 890 and 4628.
178
What is the greatest common divisor of 22 and 206151?
11
Calculate the greatest common factor of 512673 and 28.
7
Calculate the greatest common divisor of 657 and 411.
3
What is the highest common factor of 104 and 429104?
104
What is the greatest common divisor of 21035 and 14?
7
Calculate the highest common factor of 12 and 21119496.
12
Calculate the greatest common factor of 77160 and 8340.
60
What is the highest common divisor of 2512 and 85094?
314
Calculate the greatest common factor of 80926 and 516.
86
Calculate the highest common divisor of 289 and 1088.
17
Calculate the highest common factor of 178969 and 36623.
691
Calculate the greatest common factor of 189 and 4137.
21
What is the greatest common factor of 2024 and 2116?
92
Calculate the greatest common divisor of 8000 and 106500.
500
What is the highest common factor of 50 and 77445?
5
What is the greatest common factor of 15457 and 533?
533
Calculate the greatest common divisor of 870 and 6510.
30
What is the highest common divisor of 3 and 259151?
1
What is the highest common divisor of 6591 and 23127?
39
Calculate the highest common divisor of 1320 and 81752.
88
Calculate the greatest common factor of 46 and 2254.
46
What is the greatest common factor of 6213 and 5244?
57
What is the greatest common divisor of 15021 and 36?
9
Calculate the greatest common factor of 18496 and 128.
64
Calculate the highest common factor of 640 and 15760.
80
Calculate the greatest common factor of 12288 and 40416.
96
Calculate the highest common factor of 1221 and 110781.
33
Calculate the greatest common divisor of 1347 and 114944.
449
Calculate the highest common factor of 2574 and 26494.
26
What is the greatest common divisor of 1330 and 165515?
35
Calculate the greatest common divisor of 728 and 5980.
52
What is the highest common divisor of 69 and 122567?
23
Calculate the greatest common factor of 201427 and 71.
71
Calculate the greatest common divisor of 1064 and 3800.
152
Calculate the highest common factor of 98413 and 14.
7
Calculate the highest common divisor of 128 and 59456.
64
What is the greatest common factor of 242 and 24266?
22
What is the greatest common factor of 29216 and 704?
352
Calculate the highest common factor of 10880 and 90.
10
Calculate the highest common factor of 136030 and 30105.
1115
What is the greatest common divisor of 4 and 35584?
4
What is the greatest common divisor of 39424 and 24948?
308
What is the highest common factor